{"id":7684,"date":"2026-02-02T15:28:18","date_gmt":"2026-02-02T15:28:18","guid":{"rendered":"https:\/\/teoria2stresow.pl\/?page_id=7684"},"modified":"2026-03-09T14:33:38","modified_gmt":"2026-03-09T14:33:38","slug":"podrozdzial-44","status":"publish","type":"page","link":"https:\/\/teoria2stresow.pl\/?page_id=7684","title":{"rendered":"Podrozdzia\u0142 44"},"content":{"rendered":"\t\t<div data-elementor-type=\"wp-page\" data-elementor-id=\"7684\" class=\"elementor elementor-7684\">\n\t\t\t\t<div class=\"elementor-element elementor-element-561b147 e-flex e-con-boxed e-con e-parent\" data-id=\"561b147\" data-element_type=\"container\">\n\t\t\t\t\t<div class=\"e-con-inner\">\n\t\t\t\t<div class=\"elementor-element elementor-element-552a0f9 elementor-widget elementor-widget-text-editor\" data-id=\"552a0f9\" data-element_type=\"widget\" data-widget_type=\"text-editor.default\">\n\t\t\t\t\t\t\t\t\t<h3 style=\"text-align: center;\"><span style=\"color: #993366;\"><b>DWA RODZAJE TEMPERAMENTU<\/b><\/span><\/h3>\n<span style=\"font-weight: 400;\"><strong><span style=\"color: #000000;\">\u00a0 \u00a0 \u00a0 \u00a0 \u00a0 Tajemnica dw\u00f3ch<\/span> odmiennych<\/strong> temperament\u00f3w introwertyka i ekstrawertyka kryje si\u0119 w odmiennej pracy m\u00f3zgu i odmiennej pracy i budowie uk\u0142adu nerwowego.<\/span>\n\n<span style=\"font-weight: 400;\"><strong>\u00a0 \u00a0 \u00a0 \u00a0 \u00a0 Introwertyk bardziej intensywnie i<\/strong> impulsywnie reaguje na bod\u017ace. Ma bardziej wra\u017cliwy i czu\u0142y uk\u0142ad nerwowy. Ma siln\u0105 wra\u017cliwo\u015b\u0107 sensoryczn\u0105. \u00a0 Mo\u017cna powiedzie\u0107 \u017ce uk\u0142ad ten jest uk\u0142adem nie nieco przewra\u017cliwionym. Owe przewra\u017cliwienie spowodowane jest specyficznym uk\u0142adem neuroprzeka\u017anik\u00f3w, gdzie brakuje serotoniny.<\/span>\n\n<span style=\"font-weight: 400;\"><strong>\u00a0 \u00a0 \u00a0 \u00a0 \u00a0 Du\u017c\u0105 rol\u0119 odgrywaj\u0105 tutaj<\/strong> budowa m\u00f3zgu, receptory na kom\u00f3rkach nerwowych oraz hormony, kt\u00f3re s\u0105 ulokowane w zako\u0144czeniach nerwowych.<\/span>\n\n<span style=\"font-weight: 400;\"><strong>\u00a0 \u00a0 \u00a0 \u00a0 \u00a0 Hormony te,\u00a0<\/strong> jak wybuchowy proszek wzmacniaj\u0105 przep\u0142yw impuls\u00f3w elektrycznych, kt\u00f3re przeskakuj\u0105 po kom\u00f3rkach nerwowych. Introwertyk tych hormon\u00f3w ma wi\u0119cej, Dlatego zbyt intensywnie reaguje na bod\u017ace wzrokowe, s\u0142uchowe, dotykowe smakowe, zapachowe i ruchowe. Bod\u017ace \u015brednie, umiarkowane odbiera jako bod\u017ace silne lub bardzo silne. \t\t<a\t\t\t\thref=\"javascript:void(0)\"\r\n\t\t\t\tclass=\"sgpb-show-popup sgpb-popup-id-8116\"\r\n\t\tdata-sgpbpopupid=\"8116\"\r\n\t\tdata-popup-event=\"inherit\"\r\n\t\t>\r\n\t\t <strong>Rysunek<\/strong>\t\t<\/a>\r\n\t\t<\/span>\n\n<span style=\"font-weight: 400;\"><strong>\u00a0 \u00a0 \u00a0 \u00a0 \u00a0 Zjawisko takie<\/strong> opisuj\u0105 przys\u0142owia. Z ig\u0142y zrobi\u0107 wid\u0142y,\u00a0 z dzia\u0142a strzela do komara, robi\u0107 burz\u0119 w szklance wody, strach ma wielkie oczy. Dlatego w obronie, do oskar\u017ce\u0144 cz\u0119sto u\u017cywa takich s\u0142\u00f3w: ty zawsze, ty ci\u0105gle, ty bez przerwy, ty wiecznie<\/span>\n\n<span style=\"font-weight: 400;\">\u00a0 \u00a0 \u00a0 \u00a0 \u00a0 <strong>Ka\u017cdy bod\u017ac\u00f3w, kt\u00f3ry<\/strong> odbiera mo\u017ce zosta\u0107 powi\u0119kszony, pomno\u017cony lub wyd\u0142u\u017cony w czasie. <\/span><span style=\"font-weight: 400;\">Przyk\u0142adowo, gdy <\/span><b>introwertyk<\/b><span style=\"font-weight: 400;\"> widzi id\u0105cego wysokiego m\u0119\u017cczyzn\u0119, mo\u017ce go postrzega\u0107 jako\u00a0 m\u0119\u017cczyzn\u0119 bardzo wysokiego.\u00a0<\/span>\n<div><span style=\"color: #008000;\"><strong>\u00a0<\/strong><\/span><\/div>\n&nbsp;\n<table style=\"border: 2px solid\">\n<tbody style=\"border: 2px solid\">\n<tr style=\"border: 2px solid\">\n<th style=\"border: 2px solid\"><strong>INTROWERTYK<\/strong><\/th>\n<th style=\"border: 2px solid\"><strong>EKSTRAWERTYK<\/strong><\/th>\n<\/tr>\n<tr>\n<td style=\"border: 2px solid\"><\/td>\n<td style=\"border: 2px solid\"><\/td>\n<\/tr>\n<tr>\n<td style=\"border: 2px solid\"><\/td>\n<td style=\"border: 2px solid\"><\/td>\n<\/tr>\n<tr>\n<td style=\"border: 2px solid\"><\/td>\n<td style=\"border: 2px solid\"><\/td>\n<\/tr>\n<tr>\n<td style=\"border: 2px solid\"><\/td>\n<td style=\"border: 2px solid\"><\/td>\n<\/tr>\n<tr>\n<td style=\"border: 2px solid\"><\/td>\n<td style=\"border: 2px solid\"><\/td>\n<\/tr>\n<tr>\n<td style=\"border: 2px solid\"><\/td>\n<td style=\"border: 2px solid\"><\/td>\n<\/tr>\n<tr>\n<td style=\"border: 2px solid\"><\/td>\n<td style=\"border: 2px solid\"><\/td>\n<\/tr>\n<tr>\n<td style=\"border: 2px solid\"><\/td>\n<td style=\"border: 2px solid\"><\/td>\n<\/tr>\n<tr>\n<td style=\"border: 2px solid\"><\/td>\n<td style=\"border: 2px solid\"><\/td>\n<\/tr>\n<tr>\n<td style=\"border: 2px solid\"><\/td>\n<td style=\"border: 2px solid\"><\/td>\n<\/tr>\n<tr>\n<td style=\"border: 2px solid\"><\/td>\n<td style=\"border: 2px solid\"><\/td>\n<\/tr>\n<tr>\n<td style=\"border: 2px solid\"><\/td>\n<td style=\"border: 2px solid\"><\/td>\n<\/tr>\n<tr>\n<td style=\"border: 2px solid\"><\/td>\n<td style=\"border: 2px solid\"><\/td>\n<\/tr>\n<tr>\n<td style=\"border: 2px solid\"><\/td>\n<td style=\"border: 2px solid\"><\/td>\n<\/tr>\n<tr>\n<td style=\"border: 2px solid\"><\/td>\n<td style=\"border: 2px solid\"><\/td>\n<\/tr>\n<tr>\n<td style=\"border: 2px solid\"><\/td>\n<td style=\"border: 2px solid\"><\/td>\n<\/tr>\n<tr>\n<td style=\"border: 2px solid\"><\/td>\n<td style=\"border: 2px solid\"><\/td>\n<\/tr>\n<tr>\n<td style=\"border: 2px solid\"><\/td>\n<td style=\"border: 2px solid\"><\/td>\n<\/tr>\n<tr>\n<td style=\"border: 2px solid\"><\/td>\n<td style=\"border: 2px solid\"><\/td>\n<\/tr>\n<tr>\n<td style=\"border: 2px solid\"><\/td>\n<td style=\"border: 2px solid\"><\/td>\n<\/tr>\n<tr>\n<td style=\"border: 2px solid\"><\/td>\n<td style=\"border: 2px solid\"><\/td>\n<\/tr>\n<tr>\n<td style=\"border: 2px solid\"><\/td>\n<td style=\"border: 2px solid\"><\/td>\n<\/tr>\n<tr>\n<td style=\"border: 2px solid\"><\/td>\n<td style=\"border: 2px solid\"><\/td>\n<\/tr>\n<tr>\n<td style=\"border: 2px solid\"><\/td>\n<td style=\"border: 2px solid\"><\/td>\n<\/tr>\n<tr>\n<td style=\"border: 2px solid\"><\/td>\n<td style=\"border: 2px solid\"><\/td>\n<\/tr>\n<tr>\n<td style=\"border: 2px solid\"><\/td>\n<td style=\"border: 2px solid\"><\/td>\n<\/tr>\n<tr>\n<td style=\"border: 2px solid\"><\/td>\n<td style=\"border: 2px solid\"><\/td>\n<\/tr>\n<tr>\n<td style=\"border: 2px solid\"><\/td>\n<td style=\"border: 2px solid\"><\/td>\n<\/tr>\n<tr>\n<td style=\"border: 2px solid\"><\/td>\n<td style=\"border: 2px solid\"><\/td>\n<\/tr>\n<tr>\n<td style=\"border: 2px solid\"><\/td>\n<td style=\"border: 2px solid\"><\/td>\n<\/tr>\n<tr>\n<td style=\"border: 2px solid\"><\/td>\n<td style=\"border: 2px solid\"><\/td>\n<\/tr>\n<tr>\n<td style=\"border: 2px solid\"><\/td>\n<td style=\"border: 2px solid\"><\/td>\n<\/tr>\n<tr>\n<td style=\"border: 2px solid\"><\/td>\n<td style=\"border: 2px solid\"><\/td>\n<\/tr>\n<tr>\n<td style=\"border: 2px solid\"><\/td>\n<td style=\"border: 2px solid\"><\/td>\n<\/tr>\n<tr>\n<td style=\"border: 2px solid\"><\/td>\n<td style=\"border: 2px solid\"><\/td>\n<\/tr>\n<tr>\n<td style=\"border: 2px solid\"><\/td>\n<td style=\"border: 2px solid\"><\/td>\n<\/tr>\n<tr>\n<td style=\"border: 2px solid\"><\/td>\n<td style=\"border: 2px solid\"><\/td>\n<\/tr>\n<tr>\n<td style=\"border: 2px solid\"><\/td>\n<td style=\"border: 2px solid\"><\/td>\n<\/tr>\n<tr>\n<td style=\"border: 2px solid\"><\/td>\n<td style=\"border: 2px solid\"><\/td>\n<\/tr>\n<tr>\n<td style=\"border: 2px solid\"><\/td>\n<td style=\"border: 2px solid\"><\/td>\n<\/tr>\n<tr>\n<td style=\"border: 2px solid\"><\/td>\n<td style=\"border: 2px solid\"><\/td>\n<\/tr>\n<tr>\n<td style=\"border: 2px solid\"><\/td>\n<td style=\"border: 2px solid\"><\/td>\n<\/tr>\n<tr>\n<td style=\"border: 2px solid\"><\/td>\n<td style=\"border: 2px solid\"><\/td>\n<\/tr>\n<tr>\n<td style=\"border: 2px solid\"><\/td>\n<td style=\"border: 2px solid\"><\/td>\n<\/tr>\n<tr>\n<td style=\"border: 2px solid\"><\/td>\n<td style=\"border: 2px solid\"><\/td>\n<\/tr>\n<tr>\n<td style=\"border: 2px solid\"><\/td>\n<td style=\"border: 2px solid\"><\/td>\n<\/tr>\n<tr>\n<td style=\"border: 2px solid\"><\/td>\n<td style=\"border: 2px solid\"><\/td>\n<\/tr>\n<tr>\n<td style=\"border: 2px solid\"><\/td>\n<td style=\"border: 2px solid\"><\/td>\n<\/tr>\n<tr>\n<td style=\"border: 2px solid\"><\/td>\n<td style=\"border: 2px solid\"><\/td>\n<\/tr>\n<tr>\n<td style=\"border: 2px solid\"><\/td>\n<td style=\"border: 2px solid\"><\/td>\n<\/tr>\n<tr>\n<td style=\"border: 2px solid\"><\/td>\n<td style=\"border: 2px solid\"><\/td>\n<\/tr>\n<tr>\n<td style=\"border: 2px solid\"><\/td>\n<td style=\"border: 2px solid\"><\/td>\n<\/tr>\n<tr>\n<td style=\"border: 2px solid\"><\/td>\n<td style=\"border: 2px solid\"><\/td>\n<\/tr>\n<tr>\n<td style=\"border: 2px solid\"><\/td>\n<td style=\"border: 2px solid\"><\/td>\n<\/tr>\n<tr>\n<td style=\"border: 2px solid\"><\/td>\n<td style=\"border: 2px solid\"><\/td>\n<\/tr>\n<tr>\n<td style=\"border: 2px solid\"><\/td>\n<td style=\"border: 2px solid\"><\/td>\n<\/tr>\n<tr>\n<td style=\"border: 2px solid\"><\/td>\n<td style=\"border: 2px solid\"><\/td>\n<\/tr>\n<tr>\n<td style=\"border: 2px solid\"><\/td>\n<td style=\"border: 2px solid\"><\/td>\n<\/tr>\n<tr>\n<td style=\"border: 2px solid\"><\/td>\n<td style=\"border: 2px solid\"><\/td>\n<\/tr>\n<tr>\n<td style=\"border: 2px solid\"><\/td>\n<td style=\"border: 2px solid\"><\/td>\n<\/tr>\n<tr>\n<td style=\"border: 2px solid\"><\/td>\n<td style=\"border: 2px solid\"><\/td>\n<\/tr>\n<tr>\n<td style=\"border: 2px solid\"><\/td>\n<td style=\"border: 2px solid\"><\/td>\n<\/tr>\n<tr>\n<td style=\"border: 2px solid\"><\/td>\n<td style=\"border: 2px solid\"><\/td>\n<\/tr>\n<tr>\n<td style=\"border: 2px solid\"><\/td>\n<td style=\"border: 2px solid\"><\/td>\n<\/tr>\n<tr>\n<td style=\"border: 2px solid\"><\/td>\n<td style=\"border: 2px solid\"><\/td>\n<\/tr>\n<tr>\n<td style=\"border: 2px solid\"><\/td>\n<td style=\"border: 2px solid\"><\/td>\n<\/tr>\n<tr>\n<td style=\"border: 2px solid\"><\/td>\n<td style=\"border: 2px solid\"><\/td>\n<\/tr>\n<tr>\n<td style=\"border: 2px solid\"><\/td>\n<td style=\"border: 2px solid\"><\/td>\n<\/tr>\n<tr>\n<td style=\"border: 2px solid\"><\/td>\n<td style=\"border: 2px solid\"><\/td>\n<\/tr>\n<tr>\n<td style=\"border: 2px solid\"><\/td>\n<td style=\"border: 2px solid\"><\/td>\n<\/tr>\n<tr>\n<td style=\"border: 2px solid\"><\/td>\n<td style=\"border: 2px solid\"><\/td>\n<\/tr>\n<tr>\n<td style=\"border: 2px solid\"><\/td>\n<td style=\"border: 2px solid\"><\/td>\n<\/tr>\n<tr>\n<td style=\"border: 2px solid\"><\/td>\n<td style=\"border: 2px solid\"><\/td>\n<\/tr>\n<tr>\n<td style=\"border: 2px solid\"><\/td>\n<td style=\"border: 2px solid\"><\/td>\n<\/tr>\n<tr>\n<td style=\"border: 2px solid\"><\/td>\n<td style=\"border: 2px solid\"><\/td>\n<\/tr>\n<tr>\n<td style=\"border: 2px solid\"><\/td>\n<td style=\"border: 2px solid\"><\/td>\n<\/tr>\n<tr>\n<td style=\"border: 2px solid\"><\/td>\n<td style=\"border: 2px solid\"><\/td>\n<\/tr>\n<tr>\n<td style=\"border: 2px solid\"><\/td>\n<td style=\"border: 2px solid\"><\/td>\n<\/tr>\n<tr>\n<td style=\"border: 2px solid\"><\/td>\n<td style=\"border: 2px solid\"><\/td>\n<\/tr>\n<tr>\n<td style=\"border: 2px solid\"><\/td>\n<td style=\"border: 2px solid\"><\/td>\n<\/tr>\n<tr>\n<td style=\"border: 2px solid\"><\/td>\n<td style=\"border: 2px solid\"><\/td>\n<\/tr>\n<tr>\n<td style=\"border: 2px solid\"><\/td>\n<td style=\"border: 2px solid\"><\/td>\n<\/tr>\n<tr>\n<td style=\"border: 2px solid\"><\/td>\n<td style=\"border: 2px solid\"><\/td>\n<\/tr>\n<tr>\n<td style=\"border: 2px solid\"><\/td>\n<td style=\"border: 2px solid\"><\/td>\n<\/tr>\n<tr>\n<td style=\"border: 2px solid\"><\/td>\n<td style=\"border: 2px solid\"><\/td>\n<\/tr>\n<tr>\n<td style=\"border: 2px solid\"><\/td>\n<td style=\"border: 2px solid\"><\/td>\n<\/tr>\n<tr>\n<td style=\"border: 2px solid\"><\/td>\n<td style=\"border: 2px solid\"><\/td>\n<\/tr>\n<tr>\n<td style=\"border: 2px solid\"><\/td>\n<td style=\"border: 2px solid\"><\/td>\n<\/tr>\n<tr>\n<td style=\"border: 2px solid\"><\/td>\n<td style=\"border: 2px solid\"><\/td>\n<\/tr>\n<tr>\n<td style=\"border: 2px solid\"><\/td>\n<td style=\"border: 2px solid\"><\/td>\n<\/tr>\n<tr>\n<td style=\"border: 2px solid\"><\/td>\n<td style=\"border: 2px solid\"><\/td>\n<\/tr>\n<tr>\n<td style=\"border: 2px solid\"><\/td>\n<td style=\"border: 2px solid\"><\/td>\n<\/tr>\n<tr>\n<td style=\"border: 2px solid\"><\/td>\n<td style=\"border: 2px solid\"><\/td>\n<\/tr>\n<tr>\n<td style=\"border: 2px solid\"><\/td>\n<td style=\"border: 2px solid\"><\/td>\n<\/tr>\n<tr>\n<td style=\"border: 2px solid\"><\/td>\n<td style=\"border: 2px solid\"><\/td>\n<\/tr>\n<tr>\n<td style=\"border: 2px solid\"><\/td>\n<td style=\"border: 2px solid\"><\/td>\n<\/tr>\n<tr>\n<td style=\"border: 2px solid\"><\/td>\n<td style=\"border: 2px solid\"><\/td>\n<\/tr>\n<tr>\n<td style=\"border: 2px solid\"><\/td>\n<td style=\"border: 2px solid\"><\/td>\n<\/tr>\n<tr>\n<td style=\"border: 2px solid\"><\/td>\n<td style=\"border: 2px solid\"><\/td>\n<\/tr>\n<tr>\n<td style=\"border: 2px solid\"><\/td>\n<td style=\"border: 2px solid\"><\/td>\n<\/tr>\n<tr>\n<td style=\"border: 2px solid\"><\/td>\n<td style=\"border: 2px solid\"><\/td>\n<\/tr>\n<tr>\n<td style=\"border: 2px solid\"><\/td>\n<td style=\"border: 2px solid\"><\/td>\n<\/tr>\n<tr>\n<td style=\"border: 2px solid\"><\/td>\n<td style=\"border: 2px solid\"><\/td>\n<\/tr>\n<tr>\n<td style=\"border: 2px solid\"><\/td>\n<td style=\"border: 2px solid\"><\/td>\n<\/tr>\n<tr>\n<td style=\"border: 2px solid\"><\/td>\n<td style=\"border: 2px solid\"><\/td>\n<\/tr>\n<tr>\n<td style=\"border: 2px solid\"><\/td>\n<td style=\"border: 2px solid\"><\/td>\n<\/tr>\n<tr>\n<td style=\"border: 2px solid\"><\/td>\n<td style=\"border: 2px solid\"><\/td>\n<\/tr>\n<tr>\n<td style=\"border: 2px solid\"><\/td>\n<td style=\"border: 2px solid\"><\/td>\n<\/tr>\n<tr>\n<td style=\"border: 2px solid\"><\/td>\n<td style=\"border: 2px solid\"><\/td>\n<\/tr>\n<tr>\n<td style=\"border: 2px solid\"><\/td>\n<td style=\"border: 2px solid\"><\/td>\n<\/tr>\n<tr>\n<td style=\"border: 2px solid\"><\/td>\n<td style=\"border: 2px solid\"><\/td>\n<\/tr>\n<tr>\n<td style=\"border: 2px solid\"><\/td>\n<td style=\"border: 2px solid\"><\/td>\n<\/tr>\n<tr>\n<td style=\"border: 2px solid\"><\/td>\n<td style=\"border: 2px solid\"><\/td>\n<\/tr>\n<tr>\n<td style=\"border: 2px solid\"><\/td>\n<td style=\"border: 2px solid\"><\/td>\n<\/tr>\n<tr>\n<td style=\"border: 2px solid\"><\/td>\n<td style=\"border: 2px solid\"><\/td>\n<\/tr>\n<tr>\n<td style=\"border: 2px solid\"><\/td>\n<td style=\"border: 2px solid\"><\/td>\n<\/tr>\n<tr>\n<td style=\"border: 2px solid\"><\/td>\n<td style=\"border: 2px solid\"><\/td>\n<\/tr>\n<tr>\n<td style=\"border: 2px solid\"><\/td>\n<td style=\"border: 2px solid\"><\/td>\n<\/tr>\n<tr>\n<td style=\"border: 2px solid\"><\/td>\n<td style=\"border: 2px solid\"><\/td>\n<\/tr>\n<tr>\n<td style=\"border: 2px solid\"><\/td>\n<td style=\"border: 2px solid\"><\/td>\n<\/tr>\n<tr>\n<td style=\"border: 2px solid\"><\/td>\n<td style=\"border: 2px solid\"><\/td>\n<\/tr>\n<tr>\n<td style=\"border: 2px solid\"><\/td>\n<td style=\"border: 2px solid\"><\/td>\n<\/tr>\n<tr>\n<td style=\"border: 2px solid\"><\/td>\n<td style=\"border: 2px solid\"><\/td>\n<\/tr>\n<tr>\n<td style=\"border: 2px solid\"><\/td>\n<td style=\"border: 2px solid\"><\/td>\n<\/tr>\n<tr>\n<td style=\"border: 2px solid\"><\/td>\n<td style=\"border: 2px solid\"><\/td>\n<\/tr>\n<tr>\n<td style=\"border: 2px solid\"><\/td>\n<td style=\"border: 2px solid\"><\/td>\n<\/tr>\n<tr>\n<td style=\"border: 2px solid\"><\/td>\n<td style=\"border: 2px solid\"><\/td>\n<\/tr>\n<tr>\n<td style=\"border: 2px solid\"><\/td>\n<td style=\"border: 2px solid\"><\/td>\n<\/tr>\n<tr>\n<td style=\"border: 2px solid\"><\/td>\n<td style=\"border: 2px solid\"><\/td>\n<\/tr>\n<tr>\n<td style=\"border: 2px solid\"><\/td>\n<td style=\"border: 2px solid\"><\/td>\n<\/tr>\n<tr>\n<td style=\"border: 2px solid\"><\/td>\n<td style=\"border: 2px solid\"><\/td>\n<\/tr>\n<tr>\n<td style=\"border: 2px solid\"><\/td>\n<td style=\"border: 2px solid\"><\/td>\n<\/tr>\n<tr>\n<td style=\"border: 2px solid\"><\/td>\n<td style=\"border: 2px solid\"><\/td>\n<\/tr>\n<tr>\n<td style=\"border: 2px solid\"><\/td>\n<td style=\"border: 2px solid\"><\/td>\n<\/tr>\n<tr>\n<td style=\"border: 2px solid\"><\/td>\n<td style=\"border: 2px solid\"><\/td>\n<\/tr>\n<tr>\n<td style=\"border: 2px solid\"><\/td>\n<td style=\"border: 2px solid\"><\/td>\n<\/tr>\n<tr>\n<td style=\"border: 2px solid\"><\/td>\n<td style=\"border: 2px solid\"><\/td>\n<\/tr>\n<tr>\n<td style=\"border: 2px solid\"><\/td>\n<td style=\"border: 2px solid\"><\/td>\n<\/tr>\n<tr>\n<td style=\"border: 2px solid\"><\/td>\n<td style=\"border: 2px solid\"><\/td>\n<\/tr>\n<tr>\n<td style=\"border: 2px solid\"><\/td>\n<td style=\"border: 2px solid\"><\/td>\n<\/tr>\n<tr>\n<td style=\"border: 2px solid\"><\/td>\n<td style=\"border: 2px solid\"><\/td>\n<\/tr>\n<tr>\n<td style=\"border: 2px solid\"><\/td>\n<td style=\"border: 2px solid\"><\/td>\n<\/tr>\n<tr>\n<td style=\"border: 2px solid\"><\/td>\n<td style=\"border: 2px solid\"><\/td>\n<\/tr>\n<tr>\n<td style=\"border: 2px solid\"><\/td>\n<td style=\"border: 2px solid\"><\/td>\n<\/tr>\n<tr>\n<td style=\"border: 2px solid\"><\/td>\n<td style=\"border: 2px solid\"><\/td>\n<\/tr>\n<tr>\n<td style=\"border: 2px solid\"><\/td>\n<td style=\"border: 2px solid\"><\/td>\n<\/tr>\n<tr>\n<td style=\"border: 2px solid\"><\/td>\n<td style=\"border: 2px solid\"><\/td>\n<\/tr>\n<tr>\n<td style=\"border: 2px solid\"><\/td>\n<td style=\"border: 2px solid\"><\/td>\n<\/tr>\n<tr>\n<td style=\"border: 2px solid\"><\/td>\n<td style=\"border: 2px solid\"><\/td>\n<\/tr>\n<tr>\n<td style=\"border: 2px solid\"><\/td>\n<td style=\"border: 2px solid\"><\/td>\n<\/tr>\n<tr>\n<td style=\"border: 2px solid\"><\/td>\n<td style=\"border: 2px solid\"><\/td>\n<\/tr>\n<tr>\n<td style=\"border: 2px solid\"><\/td>\n<td style=\"border: 2px solid\"><\/td>\n<\/tr>\n<tr>\n<td style=\"border: 2px solid\"><\/td>\n<td style=\"border: 2px solid\"><\/td>\n<\/tr>\n<tr>\n<td><\/td>\n<td><\/td>\n<\/tr>\n<tr>\n<td><\/td>\n<td><\/td>\n<\/tr>\n<tr>\n<td><\/td>\n<td><\/td>\n<\/tr>\n<tr>\n<td><\/td>\n<td><\/td>\n<\/tr>\n<tr>\n<td><\/td>\n<td><\/td>\n<\/tr>\n<tr>\n<td><\/td>\n<td><\/td>\n<\/tr>\n<tr>\n<td><\/td>\n<td><\/td>\n<\/tr>\n<tr>\n<td><\/td>\n<td><\/td>\n<\/tr>\n<tr>\n<td><\/td>\n<td><\/td>\n<\/tr>\n<tr>\n<td><\/td>\n<td><\/td>\n<\/tr>\n<tr>\n<td><\/td>\n<td><\/td>\n<\/tr>\n<tr>\n<td><\/td>\n<td><\/td>\n<\/tr>\n<tr>\n<td><\/td>\n<td><\/td>\n<\/tr>\n<tr>\n<td><\/td>\n<td><\/td>\n<\/tr>\n<tr>\n<td><\/td>\n<td><\/td>\n<\/tr>\n<tr>\n<td><\/td>\n<td><\/td>\n<\/tr>\n<tr>\n<td><\/td>\n<td><\/td>\n<\/tr>\n<tr>\n<td><\/td>\n<td><\/td>\n<\/tr>\n<tr>\n<td><\/td>\n<td><\/td>\n<\/tr>\n<tr>\n<td><\/td>\n<td><\/td>\n<\/tr>\n<tr>\n<td><\/td>\n<td><\/td>\n<\/tr>\n<tr>\n<td><\/td>\n<td><\/td>\n<\/tr>\n<tr>\n<td><\/td>\n<td><\/td>\n<\/tr>\n<tr>\n<td><\/td>\n<td><\/td>\n<\/tr>\n<tr>\n<td><\/td>\n<td><\/td>\n<\/tr>\n<tr>\n<td><\/td>\n<td><\/td>\n<\/tr>\n<tr>\n<td><\/td>\n<td><\/td>\n<\/tr>\n<tr>\n<td><\/td>\n<td><\/td>\n<\/tr>\n<tr>\n<td><\/td>\n<td><\/td>\n<\/tr>\n<tr>\n<td><\/td>\n<td><\/td>\n<\/tr>\n<tr>\n<td><\/td>\n<td><\/td>\n<\/tr>\n<tr>\n<td><\/td>\n<td><\/td>\n<\/tr>\n<tr>\n<td><\/td>\n<td><\/td>\n<\/tr>\n<tr>\n<td><\/td>\n<td><\/td>\n<\/tr>\n<tr>\n<td><\/td>\n<td><\/td>\n<\/tr>\n<tr>\n<td><\/td>\n<td><\/td>\n<\/tr>\n<tr>\n<td><\/td>\n<td><\/td>\n<\/tr>\n<tr>\n<td><\/td>\n<td><\/td>\n<\/tr>\n<tr>\n<td><\/td>\n<td><\/td>\n<\/tr>\n<\/tbody>\n<\/table>\t\t\t\t\t\t\t\t<\/div>\n\t\t\t\t\t<\/div>\n\t\t\t\t<\/div>\n\t\t\t\t<\/div>\n\t\t","protected":false},"excerpt":{"rendered":"<p>DWA RODZAJE TEMPERAMENTU \u00a0 \u00a0 \u00a0 \u00a0 \u00a0 Tajemnica dw\u00f3ch odmiennych temperament\u00f3w introwertyka i ekstrawertyka kryje si\u0119 w odmiennej pracy m\u00f3zgu i odmiennej pracy i budowie uk\u0142adu nerwowego. \u00a0 \u00a0 \u00a0 \u00a0 \u00a0 Introwertyk bardziej intensywnie i impulsywnie reaguje na bod\u017ace. Ma bardziej wra\u017cliwy i czu\u0142y uk\u0142ad nerwowy. Ma siln\u0105 wra\u017cliwo\u015b\u0107 sensoryczn\u0105. \u00a0 Mo\u017cna powiedzie\u0107 [&hellip;]<\/p>\n","protected":false},"author":1,"featured_media":0,"parent":0,"menu_order":0,"comment_status":"closed","ping_status":"closed","template":"","meta":{"footnotes":""},"class_list":["post-7684","page","type-page","status-publish","hentry"],"blocksy_meta":[],"_links":{"self":[{"href":"https:\/\/teoria2stresow.pl\/index.php?rest_route=\/wp\/v2\/pages\/7684","targetHints":{"allow":["GET"]}}],"collection":[{"href":"https:\/\/teoria2stresow.pl\/index.php?rest_route=\/wp\/v2\/pages"}],"about":[{"href":"https:\/\/teoria2stresow.pl\/index.php?rest_route=\/wp\/v2\/types\/page"}],"author":[{"embeddable":true,"href":"https:\/\/teoria2stresow.pl\/index.php?rest_route=\/wp\/v2\/users\/1"}],"replies":[{"embeddable":true,"href":"https:\/\/teoria2stresow.pl\/index.php?rest_route=%2Fwp%2Fv2%2Fcomments&post=7684"}],"version-history":[{"count":3,"href":"https:\/\/teoria2stresow.pl\/index.php?rest_route=\/wp\/v2\/pages\/7684\/revisions"}],"predecessor-version":[{"id":10222,"href":"https:\/\/teoria2stresow.pl\/index.php?rest_route=\/wp\/v2\/pages\/7684\/revisions\/10222"}],"wp:attachment":[{"href":"https:\/\/teoria2stresow.pl\/index.php?rest_route=%2Fwp%2Fv2%2Fmedia&parent=7684"}],"curies":[{"name":"wp","href":"https:\/\/api.w.org\/{rel}","templated":true}]}}