{"id":7353,"date":"2026-01-22T14:08:02","date_gmt":"2026-01-22T14:08:02","guid":{"rendered":"https:\/\/teoria2stresow.pl\/?page_id=7353"},"modified":"2026-01-29T09:48:32","modified_gmt":"2026-01-29T09:48:32","slug":"podrozdzial-85","status":"publish","type":"page","link":"https:\/\/teoria2stresow.pl\/?page_id=7353","title":{"rendered":"Podrozdzia\u0142 85"},"content":{"rendered":"\t\t<div data-elementor-type=\"wp-page\" data-elementor-id=\"7353\" class=\"elementor elementor-7353\">\n\t\t\t\t<div class=\"elementor-element elementor-element-a9e55d3 e-flex e-con-boxed e-con e-parent\" data-id=\"a9e55d3\" data-element_type=\"container\">\n\t\t\t\t\t<div class=\"e-con-inner\">\n\t\t\t\t<div class=\"elementor-element elementor-element-0191c57 elementor-widget elementor-widget-text-editor\" data-id=\"0191c57\" data-element_type=\"widget\" data-widget_type=\"text-editor.default\">\n\t\t\t\t\t\t\t\t\t<ol><li><strong> Kobieta pod wp\u0142ywem<\/strong> stresu adrenalinowego odczuwa przyjemny, umiarkowany strach, gdy m\u0119\u017cczyzna jest wysoki, silny i dobrze zbudowany \u2013 lub po prostu fizycznie du\u017cy. Szerokie ramiona, masywna klatka piersiowa, wyra\u017ane bicepsy, kanciaste rysy twarzy, zarost czy lekko ow\u0142osione cia\u0142o dzia\u0142aj\u0105 na ni\u0105 jak bod\u017ace zagro\u017cenia \u2013 podnosz\u0105 napi\u0119cie, przyspieszaj\u0105 puls i uruchamiaj\u0105 podniecenie.<br \/><br \/><\/li><li><strong> \u00a0 Dope\u0142nieniem tego<\/strong> obrazu s\u0105 niski, basowy g\u0142os, wyra\u017ana \u017cuchwa, du\u017ce d\u0142onie oraz du\u017ce przyrodzenie. Ten ostatni element dzia\u0142a jak sygna\u0142 potencjalnej si\u0142y i zagro\u017cenia co a wi\u0119c podnosi poziom adrenaliny. Nawet pewna \u201ebrzydota\u201d mo\u017ce pe\u0142ni\u0107 funkcj\u0119 bod\u017aca stresuj\u0105cego.<br \/><br \/><\/li><li><strong> \u00a0\u0179r\u00f3d\u0142em adrenaliny<\/strong> bywa r\u00f3wnie\u017c m\u0119ski ubi\u00f3r i wszelkie dodatki. Napi\u0119cie ro\u015bnie, gdy m\u0119\u017cczyzna nosi mundur, drogi garnitur, jest uzbrojony, pe\u0142ni rol\u0119 policjanta, \u017co\u0142nierza, znanego polityka lub biznesmena, podje\u017cd\u017ca sportowym samochodem albo rycz\u0105cym motocyklem. Podobnie dzia\u0142a wizerunek \u0142obuza, chuligana czy osoby lub po prostu jest nieobliczalny. W umiej\u0119tny spos\u00f3b wyzwala w kobiecie umiarkowany przyjemny strach.<br \/><br \/><\/li><li><strong> Celowo u\u017cyli\u015bmy<\/strong> s\u0142owa <em data-start=\"574\" data-end=\"587\">umiarkowany<\/em><em>,<\/em> poniewa\u017c warunkiem powstania podniecenia jest zachowanie r\u00f3wnowagi mi\u0119dzy bod\u017acami stresuj\u0105cymi a bod\u017acami hamuj\u0105cymi. Ca\u0142y proces rozgrywa si\u0119 w uk\u0142adzie \u201eniebieskiego tr\u00f3jk\u0105ta\u201d. Si\u0142\u0105 hamuj\u0105c\u0105 dla adrenaliny s\u0105 pokojowe, przyjacielskie i opieku\u0144cze zachowania m\u0119\u017cczyzny, kt\u00f3re daj\u0105 kobiecie poczucie bezpiecze\u0144stwa i wyzwalaj\u0105 serotonin\u0119. Do tej grupy nale\u017c\u0105 tak\u017ce bod\u017ace spokoju obecne w jego wygl\u0105dzie \u2013 na przyk\u0142ad \u0142agodne rysy czy okr\u0105g\u0142a twarz.<br \/><br \/><\/li><li><strong> Drug\u0105 si\u0142\u0105 hamuj\u0105c\u0105<\/strong>, a zarazem napr\u0119\u017caj\u0105c\u0105 \u201estruny tr\u00f3jk\u0105ta\u201d, jest aktywny uk\u0142ad PRZYwsp\u00f3\u0142czulny, w kt\u00f3rym pulsuj\u0105 kobiece hormony p\u0142ciowe. Objawia si\u0119 to swoistym pieczeniem, sw\u0119dzeniem, a czasem nawet k\u0142uciem, co przy du\u017cym nat\u0119\u017ceniu bywa uci\u0105\u017cliwe, zw\u0142aszcza gdy organizm musi normalnie funkcjonowa\u0107 \u2013 na przyk\u0142ad w pracy. To w\u0142a\u015bnie aktywno\u015b\u0107 tych hormon\u00f3w pozwala kobiecie \u0142agodniej odbiera\u0107 bod\u017ace adrenalinowe, kt\u00f3re przy zachowanej r\u00f3wnowadze zaczynaj\u0105 sprawia\u0107 jej przyjemno\u015b\u0107.<br \/><br \/><\/li><li><strong> Pod wp\u0142ywem<\/strong> adrenaliny kobieta lubi, gdy m\u0119\u017cczyzna przejmuje inicjatyw\u0119, jest zdecydowany i pewny siebie. Otwarcie pokazuje zainteresowanie \u2013 po\u017cera j\u0105 wzrokiem, pr\u00f3buje zbli\u017cy\u0107 si\u0119, dotkn\u0105\u0107, poca\u0142owa\u0107, sygnalizuje seksualn\u0105 intencj\u0119. Aby jednak wyhamowa\u0107 ten stres, na spotkanie przychodzi z kwiatami, jest wyperfumowany i elegancki, w zachowaniu pozostaje przyjacielski i szarmancki. Przy ka\u017cdej okazji oferuje pomoc i wsparcie.<br \/><br \/><\/li><li><strong> Przy umiej\u0119tnej<\/strong> grze kobieta w swoim umy\u015ble podejmuje decyzj\u0119 i m\u00f3wi \u201eTAK\u201d. W znaczeniu: bardzo mi si\u0119 podobasz, jeste\u015b zmys\u0142owy, silnie mnie podniecasz, pragn\u0119 ci\u0119, zaczynam p\u0142on\u0105\u0107 \u2013 mo\u017cesz mnie wzi\u0105\u0107.<br \/><br \/><\/li><li><strong> Gdy m\u0119\u017cczyzna<\/strong> zaczyna dzia\u0142a\u0107, kobieta pozwala mu przej\u0105\u0107 inicjatyw\u0119 i oddaje mu swoje cia\u0142o. Natomiast gdy oka\u017ce brak zdecydowania, l\u0119k, pow\u015bci\u0105gliwo\u015b\u0107 i niepewno\u015b\u0107 siebie, kobieta automatycznie traci nim zainteresowanie. Rozczarowana i zdegustowana m\u00f3wi: \u201ePotrzebuj\u0119 prawdziwego faceta, ogiera, a nie dzieciaka.<br \/><br \/><\/li><li><strong> W uk\u0142adzie tr\u00f3jk\u0105tnego<\/strong> podniecenia serotonina pojawia si\u0119 w fazie ko\u0144cowej. Osi\u0105gni\u0119ty w obr\u0119bie pochwy orgazm powi\u0105zany jest z wyrzutem serotoniny w m\u00f3zgu \u2013 hormonu spokoju, ulgi, b\u0142ogo\u015bci i odpr\u0119\u017cenia. Po serii udanych zbli\u017ce\u0144 kobieta zaczyna czu\u0107 si\u0119 przy takim m\u0119\u017cczy\u017anie bezpieczna.<br \/><br \/><\/li><li><strong> Warto zauwa\u017cy\u0107<\/strong>, \u017ce te same m\u0119skie zachowania wywo\u0142uj\u0105 zupe\u0142nie inn\u0105 reakcj\u0119, gdy u kobiety dominuje stan dopaminowego pobudzenia \u2013. Zbyt du\u017ca pewno\u015b\u0107 siebie, nachalno\u015b\u0107 czy nadmierne okazywanie zaanga\u017cowania mog\u0105 w\u00f3wczas wzbudzi\u0107 oboj\u0119tno\u015b\u0107 lub lekcewa\u017cenie, a przy braku \u201ehamowania\u201d ze strony uk\u0142adu przywsp\u00f3\u0142czulnego nawet zwyk\u0142y strach przed napastowaniem.<br \/><br \/><\/li><li><strong> Warunkiem<\/strong> powstania podniecenia jest zachowanie r\u00f3wnowagi mi\u0119dzy poczuciem zagro\u017cenia a poczuciem bezpiecze\u0144stwa. Stan napi\u0119cia cz\u0119sto rodzi si\u0119 w ramach porozumienia mi\u0119dzy kobiet\u0105 a m\u0119\u017cczyzn\u0105 \u2013 cichej zmowy, niepisanej zgody na mocniejsze gesty i intensywne bod\u017ace, kt\u00f3re pozostaj\u0105 pod kontrol\u0105 i nie naruszaj\u0105 granic rozs\u0105dku.<br \/><br \/><\/li><li><strong> Durgiem warunkiem<\/strong> powstania podniecenie jest du\u017ca aktywno\u015b\u0107 uk\u0142adu PRZYwsp\u00f3\u0142czulnego, kt\u00f3ry uaktywnia hormony p\u0142ciowe. Innymi s\u0142owy wszystko musi odbywa\u0107 si\u0119 we w\u0142a\u015bciwym momencie.<br \/><br \/><\/li><li><strong> Przy tworzeniu<\/strong> tr\u00f3jk\u0105tnej r\u00f3wnowagi nale\u017cy tak\u017ce uwzgl\u0119dni\u0107 indywidualn\u0105 wra\u017cliwo\u015b\u0107 kobiety na bod\u017ace \u2013 jej temperament, upodobania, przyzwyczajenia oraz nabyte do\u015bwiadczenia.<br \/><br \/><\/li><li><strong> Nale\u017cy tak\u017ce<\/strong> uwzgl\u0119dni\u0107 cykl menstruacyjny. W okresie oko\u0142oowulacyjnym, gdy organizm kobiety znajduje si\u0119 pod silnym wp\u0142ywem estrogenu, ro\u015bnie zapotrzebowanie na intensywniejsze bod\u017ace i napi\u0119cie adrenalinowe. W pozosta\u0142ych dniach, gdy poziom estrogenu stopniowo si\u0119 wycisza, \u201edochodzi do g\u0142osu\u201d testosteron, zmieniaj\u0105c spos\u00f3b reagowania na bod\u017ace. Odmienn\u0105 rol\u0119 odgrywa progesteron \u2013 hormon, kt\u00f3ry pod koniec cyklu hamuje dzia\u0142anie zar\u00f3wno estrogenu, jak i testosteronu, a jego dominacja sprzyja nerwowo\u015bci, dra\u017cliwo\u015bci i wi\u0119kszej wra\u017cliwo\u015bci emocjonalnej.<br \/><br \/><\/li><li><strong> Niekt\u00f3re<\/strong> kobiety o silnym temperamencie s\u0105 mniej wra\u017cliwe na b\u00f3l i naturalnie bardziej spragnione intensywnych bod\u017ac\u00f3w oraz mocnych wra\u017ce\u0144. W takich okoliczno\u015bciach poci\u0105gni\u0119cie za w\u0142osy, klaps, gwa\u0142towniejszy gest, szybkie zdejmowanie ubrania czy u\u017cycie mocniejszych s\u0142\u00f3w staj\u0105 si\u0119 elementem gry, a nie zagro\u017ceniem. Przypomina to zabaw\u0119 w role, w kt\u00f3rej jedna strona wciela si\u0119 w \u201ewilka\u201d, a druga w \u201eCzerwonego Kapturka\u201d \u2013 wszystko pozostaje umowne i pod kontrol\u0105.<br \/><br \/><\/li><li><strong> Mi\u0142o\u015b\u0107 pod wp\u0142ywem<\/strong> adrenaliny jest spontaniczna, gwa\u0142towna i nami\u0119tna, pozbawiona spo\u0142ecznych masek i zahamowa\u0144. Dominuj\u0105 w niej magnetyczne spojrzenia, si\u0142a dotyku, pi\u0119kno cia\u0142a, napi\u0119te mi\u0119\u015bnie i \u017cy\u0142y oraz ostre czerwone kolory. Bod\u017ace hamuj\u0105ce \u2013 daj\u0105ce poczucie spokoju i ulgi \u2013 to kolory r\u00f3\u017cu (usta) i bieli, a tak\u017ce \u015bliskie i wilgotne powierzchnie. To w\u0142a\u015bnie ten kontrast mi\u0119dzy napi\u0119ciem a <strong data-start=\"529\" data-end=\"542\">ukojeniem<\/strong> wytwarza w m\u00f3zgu podniecenie.<br \/><br \/><\/li><li><strong> W odr\u00f3\u017cnieniu<\/strong> od noradrenaliny, kt\u00f3ra \u201elubi\u201d wolne tempo, leniwe ruchy, ukrywanie swojego zaanga\u017cowania, adrenalina dzia\u0142a ca\u0142kowicie odwrotnie. Narzuca szybkie tempo, zdecydowane ruchy, zmys\u0142owe gesty, lubie\u017cne ods\u0142anianie cia\u0142a, szybkie pozbywanie si\u0119 ubrania, gwa\u0142towne po\u0142\u0105czenie si\u0119, mechaniczne ruchy, \u015blepe pod\u0105\u017canie do spe\u0142nienia.<br \/><br \/><\/li><li><strong> Mi\u0142o\u015b\u0107 pod wp\u0142ywem<\/strong> noradrenaliny jest zupe\u0142nie inna. To mi\u0142o\u015b\u0107 powolna, nie\u015bmia\u0142a, subtelna, delikatna, romantyczna i bardziej duchowa. Poprzedza j\u0105 okres oczekiwania, niepewno\u015bci i narastaj\u0105cego zniecierpliwienia. Noradrenalina wzrasta, gdy partner milczy, jest bierny i zdystansowany, okazuje ch\u0142\u00f3d lub oboj\u0119tno\u015b\u0107. Nie przychodzi na spotkanie, nie odpisuje na wiadomo\u015bci, unika spojrze\u0144, nie chce chwyci\u0107 za r\u0119k\u0119 ani zbli\u017cy\u0107 si\u0119. Taki brak dost\u0119pno\u015bci \u2013 tak\u017ce w sferze intymnej \u2013 staje si\u0119 bod\u017acem napi\u0119cia i oczekiwania.<br \/><br \/><\/li><li><strong> Warunkiem powstania<\/strong> podniecenia jest zachowanie r\u00f3wnowagi mi\u0119dzy bod\u017acami stresuj\u0105cymi \u2013 zwi\u0105zanymi z noradrenalin\u0105 \u2013 a bod\u017acami hamuj\u0105cymi. Ca\u0142y proces rozgrywa si\u0119 w uk\u0142adzie \u201er\u00f3\u017cowego tr\u00f3jk\u0105ta\u201d. Noradrenalina zwi\u0119ksza wra\u017cliwo\u015b\u0107 narz\u0105d\u00f3w p\u0142ciowych, uwra\u017cliwiaj\u0105c \u0142echtaczk\u0119 i m\u0119skie przyrodzenie na dotyk, co pot\u0119guje odczuwanie bod\u017ac\u00f3w.<br \/><br \/><\/li><li><strong> Kobieta i m\u0119\u017cczyzna<\/strong> odczuwaj\u0105 stres i podniecenie, gdy nie mog\u0105 zdoby\u0107 partnera, nie potrafi\u0105 nawi\u0105za\u0107 kontaktu emocjonalnego lub cielesnego. M\u00f3zg stymuluj\u0105 w\u00f3wczas bod\u017ace oddalenia i \u201ezmniejszenia\u201d, kt\u00f3re sprzyjaj\u0105 wzrostowi napi\u0119cia noradrenalinowego. Si\u0142\u0105 hamuj\u0105c\u0105 dla tego stanu s\u0105 bod\u017ace zbli\u017cenia i \u201epowi\u0119kszenia\u201d \u2013 przejawy zainteresowania i zaanga\u017cowania partnera, daj\u0105ce realn\u0105 szans\u0119 na kontakt, zbli\u017cenie lub powstanie zwi\u0105zku.<br \/><br \/><\/li><li><strong> Je\u017celi dzia\u0142ania<\/strong> zbli\u017ceniowe s\u0105 poprzedzone napi\u0119ciem noradrenalinowym, m\u00f3zg osoby zakochanej zaczyna wydziela\u0107 dopamin\u0119. Drug\u0105 si\u0142\u0105 hamuj\u0105c\u0105 staje si\u0119 pobudzony uk\u0142ad PRZYwsp\u00f3\u0142czulny, w kt\u00f3rym narasta aktywno\u015b\u0107 oksytocyny. Gdy partner jest wizualnie atrakcyjny, dodatkowo wzrasta poziom testosteronu, wzmacniaj\u0105c pobudzenie. Brak bezpo\u015bredniej obecno\u015bci mo\u017cna cz\u0119\u015bciowo zast\u0105pi\u0107 obrazem \u2013 na przyk\u0142ad fotografi\u0105.<br \/><br \/><\/li><li><strong> Uk\u0142ad PRZYwsp\u00f3\u0142czulny<\/strong> zwi\u0105zany z napi\u0119ciem seksualnym narasta i mo\u017ce uruchamia\u0107 si\u0119 samoistnie, podobnie jak reakcje noradrenalinowe. Mo\u017cna go tak\u017ce pobudzi\u0107 bezpo\u015brednio \u2013 poprzez dotyk narz\u0105d\u00f3w p\u0142ciowych. Dotyk o charakterze sw\u0119dzenia i dra\u017cnienia sprzyja uwalnianiu oksytocyny, kt\u00f3rej najwi\u0119kszy wyrzut nast\u0119puje w momencie orgazmu.<br \/><br \/><\/li><li><strong> Oksytocyna \u0142agodzi<\/strong> skutki stresu, tak\u017ce tego zwi\u0105zanego z porodem. Jej uwalnianie nast\u0119puje r\u00f3wnie\u017c podczas przytulania i bliskiego kontaktu, co ma dzia\u0142anie koj\u0105ce i regeneruj\u0105ce. Jest to szczeg\u00f3lnie wa\u017cne dla os\u00f3b, kt\u00f3re cz\u0119sto funkcjonuj\u0105 w stanie adrenalinowego napi\u0119cia.<br \/><br \/><\/li><li><strong> Dla os\u00f3b cz\u0119sto<\/strong> funkcjonuj\u0105cych w stanie napi\u0119cia noradrenalinowego szczeg\u00f3lne znaczenie ma poca\u0142unek w usta. Wargi s\u0105 wyj\u0105tkowo bogato unerwione i niezwykle wra\u017cliwe na dotyk, ciep\u0142o oraz mikroruchy. Ich pobudzenie wysy\u0142a silny sygna\u0142 czuciowy do m\u00f3zgu, kt\u00f3ry aktywuje uk\u0142ad noradrenergiczny. Natomiast dopamina wydziela w momencie zaistnienia oczkowanego dotyku.<br \/><br \/><\/li><li><strong> Dopamina<\/strong> ma kr\u00f3tki okres trwania. Dlatego nadmierna aktywno\u015b\u0107, gadatliwo\u015b\u0107, szybka ch\u0119\u0107 zbudowania zwi\u0105zku i narzucanie si\u0119 cz\u0119sto ko\u0144cz\u0105 si\u0119 spadkiem zainteresowania. Z tego powodu do\u015bwiadczeni partnerzy instynktownie boj\u0105 si\u0119 zbyt wcze\u015bnie okazywa\u0107 swoje uczucia i zaanga\u017cowanie. Czekaj\u0105 na pierwszy ruch ze strony drugiej osoby lub dbaj\u0105 o zachowanie r\u00f3wnowagi mi\u0119dzy wzajemnym zaanga\u017cowaniem. Nigdy nie wychylaj\u0105 si\u0119 zbyt daleko do przodu.<br \/><br \/><\/li><li><strong> W czasie pieszczot<\/strong> wszelkie ruchy, dotkni\u0119cia i poca\u0142unki, pod wp\u0142ywem tego stresu, wykonywane s\u0105 nie\u015bmia\u0142o, leniwie i powoli \u2013 jakby z wahaniem. Gesty s\u0105 oszcz\u0119dne, ostro\u017cne, pe\u0142ne napi\u0119cia i oczekiwania. M\u0119\u017cczyzna ma tu jednak u\u0142atwione zadanie: w trybie \u201eawaryjnym\u201d mo\u017ce u kobiety zamieni\u0107 stres noradrenalinowy w stres adrenalinowy. Czyni to swoim zachowaniem, dodaj\u0105c bod\u017ace zbli\u017cenia i \u201epowi\u0119kszenia\u201d \u2013 staje si\u0119 bardziej aktywny i zdecydowany, przybieraj\u0105c form\u0119 gro\u017an\u0105 i napieraj\u0105c\u0105.<br \/><br \/><\/li><li><strong> Kobieta zamiast<\/strong> odczuwa\u0107 l\u0119k przed niedoborem bod\u017ac\u00f3w, zaczyna odczuwa\u0107 umiarkowany, przyjemny strach przed ich nadmiarem. O ile wcze\u015bniej widzia\u0142a w m\u0119\u017cczy\u017anie przystojnego, dobrze u\u0142o\u017conego \u201eksi\u0119cia\u201d, o tyle teraz zaczyna dostrzega\u0107 w nim gro\u017anego, niebezpiecznego \u201eogiera\u201d, kt\u00f3ry chce j\u0105 zdoby\u0107. Napi\u0119cie jest na tyle silne, \u017ce kobieta przyjmuje strategi\u0119 uleg\u0142o\u015bci \u2013 przestaje stawia\u0107 op\u00f3r, wygodnie si\u0119 uk\u0142ada i pozwala mu przej\u0105\u0107 inicjatyw\u0119. Pragnie mu si\u0119 odda\u0107.<br \/><br \/><\/li><li><strong> Takiego \u201eudogodnienia\u201d nie<\/strong> maj\u0105 m\u0119\u017cczy\u017ani. U nich dominuj\u0105 bod\u017ace oddalenia i \u201ezmniejszenia\u201d, kt\u00f3re odnajduj\u0105 w wygl\u0105dzie oraz zachowaniu kobiety. M\u0119\u017cczyzna odczuwa zniecierpliwienie i podniecenie, gdy kobieta jest niska, drobna i delikatna, a w swoim zachowaniu pozostaje niezdecydowana, niezaradna, cz\u0119\u015bciowo niedost\u0119pna i trudna do zdobycia<br \/><br \/><\/li><li><strong> M\u0119\u017cczyzna z natury<\/strong> przyjmuje rol\u0119 zdobywcy i my\u015bliwego \u2013 poci\u0105ga go pokonywanie barier i wysi\u0142ek w d\u0105\u017ceniu do celu. Zbyt \u0142atwe zdobycie \u201enagrody\u201d szybko obni\u017ca jej warto\u015b\u0107 w jego odczuciu i wygasza zainteresowanie. Dlatego wiele kobiet instynktownie unika narzucania si\u0119. Dla kobiety okre\u015blenie \u201ejeste\u015b \u0142atwa\u201d bywa r\u00f3wnie dotkliwe, jak dla m\u0119\u017cczyzny stwierdzenie \u201ejeste\u015b prawiczkiem\u201d.<br \/><br \/><\/li><li><strong> Podsumowuj\u0105c: <\/strong>mi\u0142o\u015bci pod wp\u0142ywem noradrenaliny rz\u0105dzi i wygrywa ten, kto okazuje mniejsze zaanga\u017cowanie i mniej si\u0119 stara, natomiast przegrywa ten kto jest bardziej zaanga\u017cowany i bardziej si\u0119 stara.<br \/><br \/><\/li><li><strong> W mi\u0142o\u015bci pod wp\u0142ywem<\/strong> adrenaliny jest ca\u0142kowicie odwrotnie. Rz\u0105dzi i wygrywa ten, kto okazuje wi\u0119ksze zaanga\u017cowanie i wykazuje wi\u0119cej energii przy rozkazywaniu. Przegrywa ten, kto nie ma si\u0142y atakowa\u0107, nie stawia oporu i pos\u0142usznie wykonuje rozkazy.<\/li><\/ol>\t\t\t\t\t\t\t\t<\/div>\n\t\t\t\t\t<\/div>\n\t\t\t\t<\/div>\n\t\t\t\t<\/div>\n\t\t","protected":false},"excerpt":{"rendered":"<p>Kobieta pod wp\u0142ywem stresu adrenalinowego odczuwa przyjemny, umiarkowany strach, gdy m\u0119\u017cczyzna jest wysoki, silny i dobrze zbudowany \u2013 lub po prostu fizycznie du\u017cy. Szerokie ramiona, masywna klatka piersiowa, wyra\u017ane bicepsy, kanciaste rysy twarzy, zarost czy lekko ow\u0142osione cia\u0142o dzia\u0142aj\u0105 na ni\u0105 jak bod\u017ace zagro\u017cenia \u2013 podnosz\u0105 napi\u0119cie, przyspieszaj\u0105 puls i uruchamiaj\u0105 podniecenie. \u00a0 Dope\u0142nieniem tego [&hellip;]<\/p>\n","protected":false},"author":1,"featured_media":0,"parent":0,"menu_order":0,"comment_status":"closed","ping_status":"closed","template":"","meta":{"footnotes":""},"class_list":["post-7353","page","type-page","status-publish","hentry"],"blocksy_meta":[],"_links":{"self":[{"href":"https:\/\/teoria2stresow.pl\/index.php?rest_route=\/wp\/v2\/pages\/7353","targetHints":{"allow":["GET"]}}],"collection":[{"href":"https:\/\/teoria2stresow.pl\/index.php?rest_route=\/wp\/v2\/pages"}],"about":[{"href":"https:\/\/teoria2stresow.pl\/index.php?rest_route=\/wp\/v2\/types\/page"}],"author":[{"embeddable":true,"href":"https:\/\/teoria2stresow.pl\/index.php?rest_route=\/wp\/v2\/users\/1"}],"replies":[{"embeddable":true,"href":"https:\/\/teoria2stresow.pl\/index.php?rest_route=%2Fwp%2Fv2%2Fcomments&post=7353"}],"version-history":[{"count":3,"href":"https:\/\/teoria2stresow.pl\/index.php?rest_route=\/wp\/v2\/pages\/7353\/revisions"}],"predecessor-version":[{"id":7537,"href":"https:\/\/teoria2stresow.pl\/index.php?rest_route=\/wp\/v2\/pages\/7353\/revisions\/7537"}],"wp:attachment":[{"href":"https:\/\/teoria2stresow.pl\/index.php?rest_route=%2Fwp%2Fv2%2Fmedia&parent=7353"}],"curies":[{"name":"wp","href":"https:\/\/api.w.org\/{rel}","templated":true}]}}